. What are the prime factors of v?
2, 5, 83
Suppose -2*m = 3*j - 1 + 5, j = -4. Suppose -5*x + 96 = -m*x. List the prime factors of x - -1 - 5/(-5)*-3.
2, 47
Let c = 51633 + -34260. List the prime factors of c.
3, 5791
Suppose -a + 4*m - 1 - 3 = 0, m - 1 = 0. Suppose 4*d + 4*h + 15 = h, a = 3*h + 3. What are the prime factors of (-2*d/(-12))/((-1)/202)?
101
Let u be (-2 + 1)/(9/1350*-5). Suppose 5*q = -43 + 13. List the prime factors of 262*(12/u)/(q/(-15)).
2, 131
Let q(p) = 197*p**2 + 2. Let d be q(1). Let o = -299 + d. Let i = o - -174. List the prime factors of i.
2, 37
Let w(d) = -116*d + 39 - 2 + 3 + 0. What are the prime factors of w(-15)?
2, 5, 89
Suppose 0 = -134*k + 164*k - 420. Suppose 0 = -2*w - 4*x + 448, -x = 4*w + x - 872. Suppose k = m - w. List the prime factors of m.
2, 5, 23
Let f be (-3)/9 + (-1370)/(-18)*3. Let v = f + -411. Let c = v - -297. What are the prime factors of c?
2, 3, 19
Suppose 26*b + 20145 = 105*b. What are the prime factors of b?
3, 5, 17
Let z = 38 - 15. Let o = z + -63. Let f = 86 + o. List the prime factors of f.
2, 23
Let l(p) = -4495*p + 3862. List the prime factors of l(-6).
2, 41, 47
Suppose -6*r - 9 = -9*r. Suppose -2*k + v = 4, r = 3*k - 4*v - 1. What are the prime factors of (1*49)/(-3 - k)?
7
Suppose -4*w + 14891 = -2*j - 7541, 16838 = 3*w + 2*j. Suppose 3510 + w = 10*h. What are the prime factors of h?
2, 3, 19
Let c be -4 + (404/2 - 3) + 1. Suppose i = 15 + c. What are the prime factors of i?
211
Let x = 14160 + -4291. What are the prime factors of x?
71, 139
Let j(m) = -419*m**3 + 37*m**2 + 123*m. List the prime factors of j(-3).
3, 7, 179
Let s(t) = 98*t**2 + 19*t - 43. Let y(o) = -o**3 + 10*o**2 - 13*o + 40. Let v be y(9). List the prime factors of s(v).
1601
Let x = 175 - 185. List the prime factors of (15/x)/((-2)/140) - -1.
2, 53
Let x = 349 + -343. Suppose -4*q = -q + x, -5*l + 3154 = -2*q. List the prime factors of l.
2, 3, 5, 7
Let k = 193 + -169. What are the prime factors of (-4)/k + 31804/(-96)*-4?
5, 53
Let p = 49814 + -3069. What are the prime factors of p?
5, 9349
Suppose -12*t = -12235 + 43375. What are the prime factors of t/(-9) + 7*(-2)/(-21)?
17
Suppose 0 = -13*n + 15*n + 3592. Let c be 4/22 + n/(-44). Let z = c - 10. What are the prime factors of z?
31
Suppose 10*q - 28 = 7*q + 4*y, 5*y + 36 = 4*q. Let f(u) = 102*u + 6. What are the prime factors of f(q)?
2, 3, 23
Suppose 4*j - 13376 = -4*x, -2*x = 3*j - 1448 - 8586. List the prime factors of j.
2, 7, 239
Let u = 20 - 24. Let y be 6/3 + (0 - u). Suppose c = y + 7. What are the prime factors of c?
13
Let k(j) be the second derivative of -j**5/20 + 17*j**4/12 - 7*j**3/2 + 9*j**2/2 + 6*j + 2. List the prime factors of k(14).
3, 101
Let i be -73 - (0/1)/(5 - 6). Let s = 75 + i. Let g(z) = 35*z**2 - 1. What are the prime factors of g(s)?
139
Suppose -7*j + 6*j = -35866. What are the prime factors of j?
2, 79, 227
Let i = -34 + 84. Suppose -6*c + i = 4*c. Suppose 211 = 3*a - c*b, b = -2*a + 4*a - 150. List the prime factors of a.
7, 11
Let y = 5 + -2. Suppose -3*z - 3*m + 12 = -0*m, y*z - 4 = -m. Suppose -3*t = 4*u - z*u - 484, 4*u = -t + 172. What are the prime factors of t?
2, 3, 13
Let i(v) = 68*v + 4. Let x be i(-22). Let k = x - -2643. What are the prime factors of k?
1151
Suppose 179*l - 177*l - 5112 = 0. What are the prime factors of l?
2, 3, 71
Suppose -653 = -q - 5*n + 1900, 3*n + 2553 = q. What are the prime factors of q?
3, 23, 37
Let g be 30 + 5 - 0/3. Suppose -5*q + 380 = 4*k, 3*k - 110 = -2*q + g. Let t = q + -18. What are the prime factors of t?
2, 31
Suppose -8*p = -3*p + 175. Let k = -355 + 410. Let j = p + k. What are the prime factors of j?
2, 5
Let o = 131 - 116. Suppose 4216 = o*u - 21779. List the prime factors of u.
1733
Suppose -5*n = -3*x + 4962, 5880 = -5*n + 5*x + 910. List the prime factors of 0/2 - -7 - n.
997
Let j(n) = -1807*n + 154. List the prime factors of j(-4).
2, 3691
Let h = 9620 + 6043. List the prime factors of h.
3, 23, 227
Let n(p) = 512*p - 349. Let j be n(-5). Let b = j + 4278. List the prime factors of b.
37
Let x(w) = 222*w**3 + 2*w**2 - 3*w. Let c be x(1). Let h = c + -11. List the prime factors of h.
2, 3, 5, 7
Let y(q) = -13*q + 1. Let z be y(-1). Suppose z*x = 13*x - 2145. List the prime factors of x/(-52) - (-2)/(-8).
41
Let v(a) = -a**2 - 12*a - 31. Let r be v(-29). Let f = r - -815. What are the prime factors of f?
3, 97
Suppose -4*y = -7 - 21. Let s = 16 - y. Let p = s - -43. List the prime factors of p.
2, 13
Let d(h) = 24*h - 21. Let o be d(1). Suppose 5*u = -3*b + 2769, -3*u = o*b - 0*b - 1665. List the prime factors of u.
2, 3, 23
Let z = -13008 + 18485. What are the prime factors of z?
5477
Let v = 8659 - 1513. What are the prime factors of v?
2, 3, 397
Let o(x) = 7*x + 11*x + 58 + 4*x + 0*x. What are the prime factors of o(19)?
2, 7, 17
Let w(v) = 355*v**2 + 142*v + 1757. List the prime factors of w(-13).
2, 7, 11, 389
Let f(o) = 1027*o**3 - o**2 - 45*o + 87. What are the prime factors of f(2)?
8209
Let m(t) = 4*t**2 - 20*t - 1. Let c(n) = -9*n**2 + 41*n + 3. Let q be -5 + (-120)/45*(-6)/8. Let p(j) = q*c(j) - 7*m(j). What are the prime factors of p(5)?
2, 29
Let o(x) = -13*x**3 - 192*x**2 - 21*x + 21. What are the prime factors of o(-16)?
61, 73
Let t = 10759 + -3275. What are the prime factors of t?
2, 1871
Let c = -211 + 123. Let p = c + 52. What are the prime factors of 2 - 1 - p/9?
5
What are the prime factors of ((-351)/(-18))/((-36)/(-44280))?
3, 5, 13, 41
Let u = -6 - -13. Let j(x) = 74*x - 29. Let y(d) = 16*d - 1. Let q(t) = j(t) - 4*y(t). List the prime factors of q(u).
3, 5
Let h be 3 + -20*5/(-20). List the prime factors of 1542/h - ((-1)/(-4))/(-1).
193
Let q(x) = -3*x**2 + 20. Let c be q(-4). List the prime factors of 188 - 3/(2 - c/(-20)).
3, 61
What are the prime factors of 4/(-16) + ((-321730)/8)/(-5)?
3, 7, 383
Suppose -4*j = 378 - 542. Suppose 13*w - j*w + 4816 = 0. List the prime factors of w.
2, 43
Let n(w) = 7*w - 48. Let p(q) = -4*q. Let x be p(-1). Suppose c - 2 = 0, 5*c = 3*i + x*c - 49. What are the prime factors of n(i)?
71
Let u = 30505 - -20749. List the prime factors of u.
2, 7, 523
Let v = -760 - -1161. Let t = -23 + v. What are the prime factors of t?
2, 3, 7
Let v(q) be the second derivative of 0 - 21*q + 59/2*q**2 + 1/6*q**3. What are the prime factors of v(0)?
59
Suppose 5 + 1 = 3*x. Suppose -x*c - v - v = -6, 2*c + 4*v = 6. List the prime factors of 291/c + -2 + (-4)/(-2).
97
Suppose -m - 12363 = -1761. List the prime factors of (1 - (-2)/(-3))/((-6)/m).
19, 31
Let j be 69 + 3/(-6)*-22. Suppose -4*m + 2*m = 0. Suppose -2*q + 2*i = -m*q - 184, -q - 2*i = -j. What are the prime factors of q?
2, 11
Let h = 125596 + -80506. What are the prime factors of h?
2, 3, 5, 167
Let o be (-11)/((-44)/(-8))*(8 + 2). Let p(l) = l**3 + 21*l**2 + 14*l + 26. What are the prime factors of p(o)?
2, 73
Let u be (1*-1)/(25/(-10075)). Suppose -u = -3*l - 5*w + 4*w, 3*w - 669 = -5*l. List the prime factors of l.
3, 5
Suppose 12 = -p - i, -p = i - 3*i. What are the prime factors of ((-94)/p)/((-1)/(-36))?
3, 47
Suppose 2*t = 5*u + 14367, 6*t = 5*t + u + 7191. List the prime factors of t.
2, 7, 257
Suppose -5*y + 24 = 4*p, 0 = 3*p + 4*y - 18. Suppose 77*c = 75*c + p. Suppose -c*r = -r + b - 141, 2*r - b = 135. List the prime factors of r.
3, 23
Suppose -40*s = -44*s + 28. Suppose -s*w = -11*w + 2256. Let u = w + -294. List the prime factors of u.
2, 3, 5
Let z = 6085 - -37852. List the prime factors of z.
53, 829
Let m(l) = 66*l**2 - 69*l + 714. List the prime factors of m(10).
2, 3, 23
Let c(y) = -y**2 - 15*y - 6. Let z be c(-16). Let j = z + 26. Suppose -23 - 21 = -j*t. What are the prime factors of t?
11
Let q(i) = -14*i - 30. Suppose -3*t - 35 = b, 3*b - 24 = 4*t + 1. Let o be 24/t + -5 - 4/(-10). What are the prime factors of q(o)?
2, 17
Let p = -212 + 217. Suppose -p*u + 568 = -u. List the prime factors of u.
2, 71
Suppose -5*y = 19 + 1. Let p be 63 - (8/16 + 10/y). What are the prime factors of (p - -3) + (-3)/3?
67
Suppose 35875 = 16*n - 32493. What are the prime factors of n?
4273
Let a(n) be the second derivative of 24*n**5 + n**4/12 - n**2 - 25*n. Let q be a(1). Suppose -5*j + 2*k = -0*k - q, 2*k = j - 99. List the prime factors of j.
5, 19
Let v